3 + 16*a**2 - 16*a + 19. Let i be z(-17). Let u(m) = 4*m**3 - 4*m**2 + m - 1. Let d be u(i). What is the greatest common divisor of 17 and d?
17
Suppose -2*y + 1 + 11 = 0. What is the highest common factor of 54 and y?
6
Let w = 142 + -138. Calculate the greatest common divisor of w and 44.
4
Suppose -5843 = -63*u - 110. What is the greatest common factor of u and 728?
91
Suppose 5*m + n + 10 = 0, -3*m + 25 = -8*m + 2*n. Let j = m - -15. Suppose 612 = -8*x + 59*x. Calculate the highest common divisor of x and j.
12
Let v(k) = -15*k**3 + k**2 + k - 2. Let o be v(1). Let n be 10/4*(-546)/o. Calculate the greatest common factor of 13 and n.
13
Let j = -792 + 797. Let y be -4*((-6)/4 - -1). Suppose -3*n + j = y*n. Calculate the greatest common factor of n and 11.
1
Let x = 275 + -245. Let j be (-1)/(-2)*(1 + -1). Suppose j*k + k + w = 5, -4*w - 4 = 0. What is the greatest common divisor of x and k?
6
Let h = 68 + -52. What is the greatest common factor of h and 152?
8
Let l = 930 + -899. Calculate the greatest common divisor of l and 775.
31
Let y be -6*(0 - 6/(-9)). Let u(b) = 4*b**2 + 4*b + 4. Let n be u(y). Let m(x) = -14*x + 125. Let o be m(8). Calculate the greatest common factor of o and n.
13
Let p(u) = -2*u - 6. Let r be p(-6). Suppose 10*f - 24 = r*f. What is the greatest common divisor of 66 and f?
6
Suppose -6*s = -855 + 183. Suppose -3*n = -112 - 38. Let r = s - n. What is the greatest common divisor of 31 and r?
31
Let r(h) = -316*h - 29. Let x be r(-1). What is the greatest common divisor of x and 14?
7
Let c be -4*((-26)/4 + -1). Let l(v) = v**3 + 6 - 14*v**2 + 0*v**3 - 11*v + 4*v**2. Let r be l(11). What is the highest common divisor of r and c?
6
Let q(x) = 8*x - 7. Let a be q(5). Let m(w) = w**2 - 11*w - 11. Let r be m(10). Let l = a + r. Calculate the greatest common factor of l and 3.
3
Let r be (4*10)/(12/30). Let g be (2/(-6))/(6/(-450)). Calculate the greatest common divisor of r and g.
25
Let m = -36 + 61. Let v = 14 - 6. Suppose -2*z + q = -0*z - 198, 4*q - v = 0. Calculate the greatest common factor of m and z.
25
Let c = 238 - 224. Calculate the greatest common factor of 63 and c.
7
Suppose -2*z + l = -11 - 326, -3*z + l = -507. Suppose -5*a + 15 = 0, -a - 23 - 144 = -5*g. What is the greatest common divisor of z and g?
34
Suppose 2*c = -2*c - 48. Let v = c - -21. Suppose -45 = -5*f - 5*b, -2*f + 0*b + 3*b + 18 = 0. What is the highest common factor of f and v?
9
Suppose q - b = -0*b - 1, 2*b + 10 = 5*q. Let h be (q - (-22)/(-8))*48. What is the greatest common divisor of h and 40?
20
Suppose -21*q - 1980 = -7293. What is the greatest common divisor of q and 207?
23
Let g(r) = 40*r + 499. Let c be g(-12). Let u(n) = 58*n**2 + n. Let i be u(-1). What is the highest common factor of i and c?
19
Suppose 0 = 16*s - 17*s + 54. Calculate the highest common divisor of s and 90.
18
Suppose 3*v + v = 52. Let f be (-4)/(3 - -1) + 54 + -1. Calculate the highest common divisor of v and f.
13
Let m = 53 + 10. Let s be (-10)/(-15) + 19/3. Calculate the greatest common factor of m and s.
7
Let y be (1 - 0)*(-32 + 8). Let l be 75/12 + 3/y*-6. Calculate the highest common factor of 7 and l.
7
Let n = 579 + -467. Calculate the greatest common divisor of n and 84.
28
Let v(k) = 4*k**2 + 38*k + 55. Let z be v(-8). Let p be ((-2)/(-6))/((-1)/(-21)). What is the greatest common factor of p and z?
7
Let v = -13 - -15. Suppose -3*c - v*r = -0*r - 32, 0 = -2*r - 4. Suppose -2*f = 12 - 84. Calculate the greatest common divisor of c and f.
12
Let t(b) be the first derivative of 131*b**2/2 - 7*b - 4. Let k be t(7). Let h be k/25 - 4/10. What is the greatest common divisor of h and 54?
18
Suppose 5*i + 60 = 3*i. Let r be (-2)/1 - (-21 + i/(-6)). What is the highest common factor of 224 and r?
14
Let h = -80 - -300. Let v = h - 120. Calculate the greatest common divisor of 40 and v.
20
Suppose -35*z + 20*z = -1530. Calculate the highest common factor of 170 and z.
34
Let y be 22/2 - (11 - 15). Let x be 20*(3 - 15/6). What is the highest common factor of x and y?
5
Suppose -3*b + 84 = -5*g, 0 = b - 2*g - 18 - 11. Let y(k) = -k**3 - 5*k**2 - 7*k + 5. Let p be y(-8). Calculate the greatest common divisor of b and p.
23
Suppose 4*o + 96 = -0*w + w, 4*w - o - 399 = 0. Let d = -85 - -118. Suppose 47 + d = 4*v. Calculate the greatest common divisor of w and v.
20
Suppose -67*j - 2499 = -88*j. Calculate the greatest common divisor of 17 and j.
17
Suppose -5*j = u - 110, 0*u = -5*j - 4*u + 110. Suppose -y + 14 = -j. What is the highest common factor of 27 and y?
9
Let j(q) = -q**2 - 4*q + 1. Let u be j(-4). Let i(s) = 15*s**2 - s + 2. Let z be i(u). What is the greatest common divisor of z and 4?
4
Let t = -1644 + 1660. What is the greatest common divisor of 3072 and t?
16
Suppose 5*v - 192 = -n, 7*n - 198 = 6*n - 3*v. Calculate the greatest common factor of n and 46.
23
Suppose 5*w - 19 = -799. Let n = -152 - w. Calculate the greatest common divisor of n and 100.
4
Suppose 75*i - 271 = 404. Calculate the greatest common factor of i and 99.
9
Let q(d) = d**2 - 3*d - 3. Let m be q(-3). Let o be -24 + 26 + (163 - (0 + 0)). What is the highest common divisor of m and o?
15
Suppose 0 = 6*m - 2112 + 144. What is the greatest common divisor of m and 410?
82
Let y(k) = 2*k**3 - 32*k**2 + 33*k - 21. Let l be y(15). Calculate the highest common divisor of l and 120.
24
Let w be 0 + (-2)/(-2)*5. Let b(g) = 2*g + 0*g + 13*g**2 + 6*g - 4*g + w. Let s be b(-3). Calculate the greatest common factor of 10 and s.
10
Let g(y) be the first derivative of -y**3/3 - 11*y**2/2 - 13*y - 10. Let x be g(-9). What is the highest common factor of x and 5?
5
Suppose m + 4031 = -2*a + 6*a, -a + 1001 = 2*m. What is the highest common factor of a and 53?
53
Let y be 302/2 - (-3 - 1). Let z = -148 + y. Calculate the highest common divisor of 91 and z.
7
Let u(o) = o**2 + 19*o - 36. Let g be u(11). Calculate the highest common factor of 196 and g.
98
Suppose s - 5*o = -4, -5*s - o + 14 = -3*s. Suppose -5*a + 4*j + 38 = -s, -4*a = 2*j - 56. What is the highest common factor of a and 84?
12
Let z be 0*(-3)/(-18) + -4 + 19. Calculate the greatest common divisor of 20 and z.
5
Let z(c) = 25*c**2 - 2*c + 3. Let a be z(2). Let p = 1034 - 1025. What is the highest common factor of p and a?
9
Let y = -36 - -39. Suppose 3*w = 15, -n + 4*w + 348 = y*n. Let r = 1 + 22. What is the greatest common factor of r and n?
23
Suppose 3*i = -5*s, 7 = 4*s - 0*i + i. Suppose 5*a + 0*f + 2*f = 95, -4*a = s*f - 83. What is the greatest common factor of 17 and a?
17
Let r = -68 - -110. Let u = 87 - r. Let k be (-1 - (-16)/2) + 2. Calculate the highest common factor of u and k.
9
Let v be (12 + -8)/((-6)/(-30)). What is the highest common divisor of 80 and v?
20
Suppose 0 = -5*i - 5*s - 1020 + 3230, 4*s + 2192 = 5*i. What is the greatest common divisor of i and 33?
11
Let r(h) = h**3 - 11*h**2 + 4*h + 11. Let o be r(11). Suppose -6*s + 143 = -o. What is the greatest common factor of s and 22?
11
Let n = 70 - 69. Let b(s) = 30*s**3 + 2*s**2 - s - 1. Let d be b(n). What is the greatest common factor of d and 6?
6
Let g = -68 + -86. Suppose -15 = -0*c + 3*c, -2*y = -3*c - 81. Let u be g/y*18/(-4). What is the greatest common factor of 84 and u?
21
Suppose 0*b + 4*b = -j + 26, j = -b + 20. Let r(o) = o**2 - 11*o + 7. Let m be r(5). Let z = m - -25. Calculate the highest common factor of z and j.
2
Let u(v) = 8*v - 49. Let d be u(10). Calculate the greatest common divisor of 992 and d.
31
Let p(s) = -410*s**3 + 20*s**2 + 35*s - 3 + 409*s**3 - 6*s**2. Let c be p(15). What is the greatest common factor of 27 and c?
27
Suppose 204 + 321 = -3*c. Let u(l) = l**3 - 10*l**2 - 11*l - 5. Let g be u(10). Let j = g - c. What is the greatest common factor of 12 and j?
12
Suppose 5*f = 2*r - 37 + 2, 2*r - 50 = 2*f. Suppose -r*b + 24*b = -24. What is the highest common factor of 32 and b?
4
Let i = -342 + 344. Calculate the highest common factor of 1 and i.
1
Let g(c) = -c**3 + 7*c**2 + 8*c + 1. Let t be g(8). Suppose 2*d - 3*d = t, 5*b = 3*d + 153. Calculate the greatest common divisor of 6 and b.
6
Let x be 8/(-2) + (-5)/(-35)*1603. Calculate the highest common divisor of x and 81.
9
Suppose 0 = -7*c + 12*c - 475. Suppose 3*h - 